when 6940 is divided by 462.
10
Calculate the remainder when 856032 is divided by 459.
456
What is the remainder when 7833 is divided by 51?
30
What is the remainder when 352888 is divided by 8822?
8
What is the remainder when 607466 is divided by 16?
10
What is the remainder when 21207 is divided by 127?
125
What is the remainder when 20303 is divided by 6763?
14
Calculate the remainder when 686 is divided by 257.
172
Calculate the remainder when 3300966 is divided by 22.
20
What is the remainder when 1923 is divided by 360?
123
What is the remainder when 86151 is divided by 283?
119
What is the remainder when 31899 is divided by 55?
54
Calculate the remainder when 1088 is divided by 178.
20
What is the remainder when 7318 is divided by 15?
13
What is the remainder when 1944 is divided by 295?
174
What is the remainder when 1727 is divided by 18?
17
Calculate the remainder when 80941 is divided by 267.
40
What is the remainder when 19623 is divided by 4873?
131
What is the remainder when 2889 is divided by 72?
9
What is the remainder when 239206 is divided by 47841?
1
What is the remainder when 2922 is divided by 407?
73
What is the remainder when 355165 is divided by 44?
41
What is the remainder when 178267 is divided by 144?
139
Calculate the remainder when 44861 is divided by 22430.
1
What is the remainder when 12138 is divided by 25?
13
Calculate the remainder when 16439 is divided by 5456.
71
What is the remainder when 48537 is divided by 9707?
2
What is the remainder when 3448195 is divided by 28?
23
What is the remainder when 699 is divided by 135?
24
What is the remainder when 4423 is divided by 4280?
143
What is the remainder when 332570 is divided by 76?
70
What is the remainder when 106804 is divided by 41?
40
What is the remainder when 116705 is divided by 6862?
51
What is the remainder when 23095 is divided by 191?
175
What is the remainder when 2078 is divided by 77?
76
Calculate the remainder when 51220 is divided by 36.
28
What is the remainder when 47856 is divided by 11962?
8
Calculate the remainder when 6857 is divided by 70.
67
Calculate the remainder when 65589 is divided by 12.
9
Calculate the remainder when 194965 is divided by 83.
81
What is the remainder when 5585 is divided by 278?
25
What is the remainder when 13207 is divided by 13189?
18
Calculate the remainder when 86430 is divided by 43211.
8
What is the remainder when 62393 is divided by 97?
22
Calculate the remainder when 1058153 is divided by 22.
19
What is the remainder when 2144 is divided by 1241?
903
What is the remainder when 19584 is divided by 1090?
1054
Calculate the remainder when 8047 is divided by 25.
22
What is the remainder when 2619 is divided by 2605?
14
What is the remainder when 5502171 is divided by 38?
37
Calculate the remainder when 1740523 is divided by 711.
706
What is the remainder when 2485 is divided by 310?
5
Calculate the remainder when 1438 is divided by 262.
128
Calculate the remainder when 379621 is divided by 7.
4
Calculate the remainder when 527664 is divided by 263830.
4
What is the remainder when 81489 is divided by 250?
239
What is the remainder when 23291 is divided by 11633?
25
Calculate the remainder when 72644 is divided by 87.
86
What is the remainder when 116280 is divided by 676?
8
What is the remainder when 45986 is divided by 210?
206
What is the remainder when 4049679 is divided by 10?
9
Calculate the remainder when 6213 is divided by 2065.
18
What is the remainder when 623249 is divided by 50?
49
Calculate the remainder when 14582 is divided by 29.
24
Calculate the remainder when 6440 is divided by 1275.
65
Calculate the remainder when 8742584 is divided by 213.
212
Calculate the remainder when 2524 is divided by 19.
16
What is the remainder when 44491 is divided by 44474?
17
What is the remainder when 39755 is divided by 1019?
14
Calculate the remainder when 48228 is divided by 46.
20
What is the remainder when 2248 is divided by 244?
52
What is the remainder when 21784 is divided by 121?
4
What is the remainder when 1299786 is divided by 26?
20
Calculate the remainder when 443090 is divided by 312.
50
What is the remainder when 198160 is divided by 49539?
4
Calculate the remainder when 16147 is divided by 118.
99
Calculate the remainder when 879 is divided by 711.
168
What is the remainder when 22396 is divided by 32?
28
What is the remainder when 1351 is divided by 520?
311
What is the remainder when 467342 is divided by 171?
170
What is the remainder when 53099 is divided by 94?
83
Calculate the remainder when 560944 is divided by 31.
30
Calculate the remainder when 52912 is divided by 115.
12
Calculate the remainder when 12108 is divided by 247.
5
What is the remainder when 480 is divided by 136?
72
Calculate the remainder when 2724 is divided by 1322.
80
What is the remainder when 12265 is divided by 1996?
289
What is the remainder when 24354 is divided by 35?
29
Calculate the remainder when 427383 is divided by 790.
783
Calculate the remainder when 8514 is divided by 848.
34
Calculate the remainder when 7127 is divided by 100.
27
Calculate the remainder when 5145 is divided by 1068.
873
What is the remainder when 34396 is divided by 702?
700
What is the remainder when 2002 is divided by 93?
49
What is the remainder when 4982 is divided by 2070?
842
Calculate the remainder when 761 is divided by 158.
129
What is the remainder when 82243 is divided by 11748?
7
What is the remainder when 3263 is divided by 59?
18
What is the remainder when 40244 is divided by 174?
50
What is the remainder when 39224 is divided by 28?
24
Calculate the remainder when 3902 is divided by 969.
26
What is the remainder when 1250734 is divided by 63?
58
Calculate the remainder when 874719 is divided by 1136.
1135
What is the remainder when 29554 is divided by 79?
8
What is the remainder when 672989 is divided by 281?
275
Calculate the remainder when 156113 is divided by 147.
146
What is the remainder when 13021 is divided by 2163?
43
Calculate the remainder when 4123 is divided by 916.
459
What is the remainder when 194766 is divided by 14?
12
Calculate the remainder when 69658 is divided by 282.
4
What is the remainder when 886667 is divided by 3236?
3
What is the remainder when 508797 is divided by 265?
262
Calculate the remainder when 48234 is divided by 492.
18
Calculate the remainder when 7746 is divided by 507.
141
Calculate the remainder when 549214 is divided by 1789.
1780
What is the remainder when 971845 is divided by 51149?
14
Calculate the remainder when 184838 is divided by 163.
159
What is the remainder when 67600 is divided by 2597?
78
Calculate the remainder when 3024 is divided by 881.
381
What is the remainder when 31731 is divided by 28?
7
What is the remainder when 2258988 is divided by 161?
158
What is the remainder when 1409 is divided by 19?
3
Calculate the remainder when 6020 is divided by 317.
314
Calculate the remainder when 18599 is divided by 9296.
7
What is the remainder when 822 is divided by 80?
22
What is the remainder when 7018 is divided by 144?
106
What is the remainder when 9313 is divided by 38?
3
Calculate the remainder when 330468 is divided by 165228.
12
What is the remainder when 42118 is divided by 62?
20
What is the remainder when 30654 is divided by 30629?
25
What is the remainder when 6660 is divided by 2115?
315
What is the remainder when 2922 is divided by 959?
45
What is the remainder when 558649 is divided by 3581?
13
What is the remainder when 67619 is divided by 735?
734
What is the remainder when 25829 is divided by 82?
81
Calculate the remainder when 5876 is divided by 314.
224
Calculate the remainder when 6024 is divided by 650.
174
Calculate the remainder when 9899 is divided by 4949.
1
What is the remainder when 301767 is divided by 40?
7
Calculate the remainder when 229349 is divided by 13491.
2
What is the remainder when 4156 is divided by 1?
0
Calculate the remainder when 31092 is divided by 1630.
122
What is the remainder when 193639 is divided by 412?
411
What is the remainder when 23913 is divided by 447?
222
Calculate the remainder when 1639 is divided by 109.
4
What is the remainder when 379989 is divided by 152?
141
What is the remainder when 2624 is divided by 437